{"id":69,"date":"2012-10-21T01:20:18","date_gmt":"2012-10-21T01:20:18","guid":{"rendered":"http:\/\/comabe.es\/web\/?page_id=25"},"modified":"2023-09-16T12:14:24","modified_gmt":"2023-09-16T12:14:24","slug":"servicios","status":"publish","type":"page","link":"https:\/\/comabe.es\/web\/servicios\/","title":{"rendered":"Servicios"},"content":{"rendered":"<h2>Electricidad<\/h2>\n<ul>\n<li>Instalaciones el\u00e9ctricas en general de baja, media y alta tensi\u00f3n.<\/li>\n<li>Reparaciones de aver\u00edas el\u00e9ctricas(cuadros, inst. bt, mt, etc\u2026)<\/li>\n<li>Instalaciones comerciales e industriales.<\/li>\n<li>Certificados el\u00e9ctricos de baja tensi\u00f3n (boletines)<\/li>\n<li>Mantenimiento de centros de transformaci\u00f3n<\/li>\n<li>Instalaciones fotovoltaicas.<\/li>\n<li>Realizaci\u00f3n, mantenimiento y reparaci\u00f3n de l\u00edneas a\u00e9reas de alta, media y baja tensi\u00f3n.<\/li>\n<li>Servicios de iluminaci\u00f3n p\u00fablica.<\/li>\n<li>Servicios de mantenimiento y preventivo como instalaciones de protectores de sobretensiones y protecciones diferenciales de rearme autom\u00e1tico.<\/li>\n<li>Mantenimiento anual y preventivo de instalaciones el\u00e9ctricas.<\/li>\n<li>Mediciones de puesta a tierra manual, de car\u00e1cter obligatorio seg\u00fan real decreto.<\/li>\n<\/ul>\n<h2>Calefacci\u00f3n, Climatizaci\u00f3n y Agua Caliente Sanitaria<\/h2>\n<ul>\n<li>Aire acondicionado<\/li>\n<li>Bombas de calor<\/li>\n<li>Emisores t\u00e9rmicos<\/li>\n<li>Termos el\u00e9ctricos<\/li>\n<\/ul>\n<h2>Eficiencia energ\u00e9tica<\/h2>\n<ul>\n<li>Estudios termogr\u00e1ficos en instalaciones el\u00e9ctricas.<\/li>\n<li>Estudios de ahorro energ\u00e9tico<\/li>\n<li>Bater\u00edas de condensadores<\/li>\n<\/ul>\n<h2>Oficina T\u00e9cnica<\/h2>\n<ul>\n<li>Asesor\u00eda T\u00e9cnica<\/li>\n<li>Proyectos, Memorias y Certificados<\/li>\n<li>Tramitaciones y Licencias en los correspondientes Ayuntamientos.<\/li>\n<li>Legalizaciones en Industria de la Junta de Andaluc\u00eda<\/li>\n<li>Permisos y tr\u00e1mites en Endesa<\/li>\n<\/ul>\n","protected":false},"excerpt":{"rendered":"<p>Electricidad Instalaciones el\u00e9ctricas en general de baja, media y alta tensi\u00f3n. Reparaciones de aver\u00edas el\u00e9ctricas(cuadros, inst. bt, mt, etc\u2026) Instalaciones comerciales e industriales. Certificados el\u00e9ctricos de baja tensi\u00f3n (boletines) Mantenimiento de centros de transformaci\u00f3n Instalaciones fotovoltaicas. Realizaci\u00f3n, mantenimiento y reparaci\u00f3n de l\u00edneas a\u00e9reas de alta, media y baja tensi\u00f3n. Servicios de iluminaci\u00f3n p\u00fablica. Servicios de [&hellip;]<\/p>\n","protected":false},"author":1,"featured_media":0,"parent":0,"menu_order":0,"comment_status":"closed","ping_status":"closed","template":"","meta":{"_monsterinsights_skip_tracking":false,"_monsterinsights_sitenote_active":false,"_monsterinsights_sitenote_note":"","_monsterinsights_sitenote_category":0,"footnotes":""},"class_list":["post-69","page","type-page","status-publish","hentry"],"_links":{"self":[{"href":"https:\/\/comabe.es\/web\/wp-json\/wp\/v2\/pages\/69","targetHints":{"allow":["GET"]}}],"collection":[{"href":"https:\/\/comabe.es\/web\/wp-json\/wp\/v2\/pages"}],"about":[{"href":"https:\/\/comabe.es\/web\/wp-json\/wp\/v2\/types\/page"}],"author":[{"embeddable":true,"href":"https:\/\/comabe.es\/web\/wp-json\/wp\/v2\/users\/1"}],"replies":[{"embeddable":true,"href":"https:\/\/comabe.es\/web\/wp-json\/wp\/v2\/comments?post=69"}],"version-history":[{"count":8,"href":"https:\/\/comabe.es\/web\/wp-json\/wp\/v2\/pages\/69\/revisions"}],"predecessor-version":[{"id":8274,"href":"https:\/\/comabe.es\/web\/wp-json\/wp\/v2\/pages\/69\/revisions\/8274"}],"wp:attachment":[{"href":"https:\/\/comabe.es\/web\/wp-json\/wp\/v2\/media?parent=69"}],"curies":[{"name":"wp","href":"https:\/\/api.w.org\/{rel}","templated":true}]}}